/20 + c**4/12 - c**3/6 - 3*c**2/2 - 10*c. Let b be p(-3). Let d = 21 - b. What is the tens digit of d?
3
Suppose 21 = 4*q - p, 0*q - 4*p = -2*q + 14. Suppose b - 3*h = 126, q*h + 248 = -4*b + 6*b. What is the tens digit of b?
1
Suppose 0*q + 3*q - 2740 = -4*j, -j + 668 = 5*q. Suppose 0 = 9*d - 5*d - j. What is the hundreds digit of d?
1
What is the hundreds digit of -5 + 666 - (4 + (-5 - -1))?
6
Suppose 55*k = -4*d + 60*k + 633, 5*d = -2*k + 783. What is the hundreds digit of d?
1
Let a(c) be the third derivative of 3*c**6/20 - c**5/120 + 3*c**3/2 + 9*c**2. Let l(f) be the first derivative of a(f). What is the units digit of l(-1)?
5
Let x be (-264)/(-3) - (-7)/((-28)/(-12)). Suppose -3*p - 32 = -d, -12 = 2*d - 3*p - x. What is the units digit of d?
7
Suppose -43*u + 7*u = -5400. What is the hundreds digit of u?
1
Suppose 4*q - 343 = 181. Suppose 6*c + q = 41. What is the tens digit of 14 + c + (-22)/(-2)?
1
Let y be 0 + -2 + 0 + 1. What is the units digit of y*(-2)/(-6) + 6302/69?
1
Let k be 4/14 + 819/49. Let p be k/2*4/2. What is the units digit of 5/15*(p + -2)?
5
Suppose -h = -4, 5*y = 2*h + 2*h - 1. Suppose -y + 6 = f. Suppose -k = -2*l + 23, -f*l = 2*l + 2*k - 44. What is the units digit of l?
0
Let n(f) be the first derivative of -f**4/4 + 5*f**3/3 - 8*f + 1. Let u be n(4). What is the units digit of u/2 + (-9 - -7)?
2
Suppose 58*b - 16541 - 23421 = 0. What is the tens digit of b?
8
Let t be (-9)/4 - 27/36. Let o(d) = -6*d**3 - 5*d**2 + 6*d + 1. What is the units digit of o(t)?
0
Let i(d) = -d. Let v(u) = -16*u**2 - 8*u - 1. Let y(q) = 2*i(q) - v(q). What is the tens digit of y(-4)?
3
Let r(m) = -m**2 - 4*m + 1. Let x be r(-5). What is the tens digit of 2/x - 1016/(-16)?
6
Let u = 5 - 1. Suppose 5*p = q - 97, -u = 3*p - p. What is the units digit of q?
7
Let w be (-6)/(-21) + 78/21. Suppose 10 = w*h + h. Let p = h + 3. What is the units digit of p?
5
Suppose 5*d - 4*g = -g + 213, 8 = 2*g. Let p = 48 - d. What is the units digit of p?
3
Let y(t) = -15*t**2 + 18*t**3 - 30*t**3 + 11*t**3 - 16*t - 3. What is the units digit of y(-14)?
5
Let v = 95 - 83. Suppose v*l - 75 = -3*l. What is the units digit of l?
5
Suppose -380 = -2*p - 4*m, -2*p + 6*p = 5*m + 825. What is the units digit of p?
0
Let d(w) be the second derivative of w**4/12 - w**3/3 - 2*w**2 + 2*w. Let f = -27 - -23. What is the units digit of d(f)?
0
Suppose -2*l - 8829 = -11*l. Suppose 3*v + 3*k = -0*k + l, 5*v + 3*k = 1639. What is the tens digit of v?
2
Suppose -16*a = -13*a - 300. Suppose -u + a = -138. What is the tens digit of u?
3
Suppose -78*q + 12*q + 22044 = 0. What is the hundreds digit of q?
3
Suppose -4*m = -5*k - 13 + 2, 0 = 4*k - m. What is the units digit of (17 + k)/(-1 + 2)?
8
Let v(c) = -582*c - 20. What is the units digit of v(-3)?
6
Let k = 460 + 101. What is the tens digit of k?
6
Let b = -24 - -12. Let p(w) = -w**2 - 14*w + 12. What is the units digit of p(b)?
6
Suppose -11*a + 75 = -134. What is the units digit of a?
9
Let k be (-74)/(-5)*(-11 - -6). Let f = k + 127. What is the tens digit of f?
5
Let n = 221 - 146. Suppose v - 5*v + 142 = 2*s, 2*v = -5*s + n. Let r = v + -20. What is the units digit of r?
5
Let s be (134 - 7 - 2) + 4/(-2). Let t = s - 48. What is the tens digit of t?
7
Let g(l) = -l**3 - 5*l**2 + 9*l - 9. Let k be g(-7). What is the tens digit of (k/5)/((-9)/(-90))?
5
Let c(z) = 7*z**2 - 4*z + 2. Let a(i) = i - 1. Let v be a(4). What is the units digit of c(v)?
3
Let u(w) = -3*w - 1. Let g be u(-4). Let i = g + 9. What is the units digit of i?
0
Suppose 5 = 2*f - f. Suppose -f*n - 6 = -136. What is the units digit of n?
6
Suppose 0 = -6*m + 1099 - 199. Suppose -155*o = -m*o - 1075. What is the units digit of o?
5
Let s = -829 - -1199. What is the tens digit of s?
7
Suppose -r = 3*r - 4*a - 4, -11 = -r - 4*a. Let b be 2*-3*r/9. What is the units digit of b/8 - (-69)/4?
7
Let x be (-21)/6*(3 - 1). Let v = x + 11. Suppose 3*w = -v*o + 27, -o + 7 = -w + 3*o. What is the units digit of w?
5
Suppose -8*o + 12*o + 12 = 0. Let c = o + 11. What is the units digit of (-2*(-4)/c)/1?
1
Let i(s) = -s + 3. Let u be i(2). Suppose -u = -z - 2, -5*z = -a + 69. What is the units digit of a?
4
Let q(t) = 3*t**2 - 7*t + 7. Let h be q(7). Suppose h = -3*p - 2*p. Let n = -3 - p. What is the tens digit of n?
1
Let p = 1046 + 968. What is the thousands digit of p?
2
Let d(r) = -r**2 + 8*r + 6. Let k be d(8). Suppose -12 = -2*x + k*x. Let f(l) = -2*l - 1. What is the units digit of f(x)?
5
Let g(c) = c**2 + 3*c - 1. Let u be g(-5). Let w = u - -12. Let r = w + 40. What is the units digit of r?
1
Suppose 2*n = -4*h - 72 + 290, 5*n + 4*h - 545 = 0. Suppose -389 = -6*p + n. What is the units digit of p?
3
Suppose -2*u + 589 = 5*p, -2*p - 570 = -5*u + 859. Suppose 0 = 3*o - u - 238. What is the units digit of o?
5
Suppose -56925 = -43*z + 35826. What is the hundreds digit of z?
1
Let q(v) = -21*v - 8. Suppose -11*f + 12*f - 20 = 0. Let n = 16 - f. What is the tens digit of q(n)?
7
Suppose -5*l + 774 = -3*n - 5571, 3*l - 3788 = -2*n. What is the tens digit of l?
6
Suppose 26*x + 1440 = 28*x. What is the hundreds digit of x?
7
Suppose -7*f + 1904 = 7*f. Let x = 132 + f. What is the hundreds digit of x?
2
Let b be 122/1 + (-3)/((-12)/8). Let g = b + 68. What is the hundreds digit of g?
1
Suppose -2*z = z - 3. What is the tens digit of 669/12 - z/(-4)?
5
What is the units digit of ((-25)/(-5) - -65)/((-1)/(-49))?
0
Let n = 340 - -89. What is the hundreds digit of n?
4
Suppose -47316 = 84*j - 96*j. What is the thousands digit of j?
3
Let n(g) = -g**2 + 34*g - 11. Let u be n(23). Suppose -15*q - u = -17*q. What is the tens digit of q?
2
Suppose 4*i - 3052 = -4*l, 17*i - 3043 = 13*i - l. What is the units digit of i?
0
Let x(o) be the first derivative of o**2 + 10*o + 1/3*o**3 - 5. What is the units digit of x(5)?
5
Let o(z) = z + 2. Let a be o(-7). Let u be (-322)/16 + a/(-40). What is the units digit of (1 + 5)*u/(-12)?
0
Suppose -4317 = -32*c + 2435. What is the hundreds digit of c?
2
Let r(u) = 2*u**3 - 33*u**2 + 17*u - 16. Let m be r(16). Suppose 3*f = -2*a + 993, m*f + f - 331 = -5*a. What is the tens digit of f?
3
Suppose 9*o = -733 + 4981. What is the tens digit of o?
7
Suppose -438*o + 440*o = 3526. What is the thousands digit of o?
1
What is the thousands digit of -7 + 3476 + (11 - 3)?
3
Suppose 27*w + 7899 = 5*v + 23*w, v - 4*w - 1567 = 0. What is the units digit of v?
3
Suppose 4*f - 360 = -2*r, 2*f - 93 = -3*r + 91. Let t = f - 7. What is the tens digit of t?
8
Let a be (-10)/(-4)*-2 + 0. Let q(b) = -2*b - 6. Let f be q(a). Suppose 3*u + f*h - 10 = 0, -u - h - 26 = -5*u. What is the units digit of u?
6
Suppose -5740 = -6*f - 8*f. What is the units digit of f?
0
Let l = -190 - -441. What is the units digit of l?
1
Let o(p) be the second derivative of -p**3/6 - 2*p**2 - 4*p. Let k be o(-2). What is the units digit of 58/8 + k/8?
7
Suppose q + 6 = 4*q, -5*q = b - 5. Let t = b + 14. Let z = t - 1. What is the units digit of z?
8
Let w be 40489/(-152) - 6/(-16). Let n = -127 - w. What is the units digit of n?
9
What is the hundreds digit of (14155/(-447))/(2/300*-2)?
3
Suppose 3*h - 35 + 14 = 0. Suppose -3*y = -h*y + 108. Let s = 45 - y. What is the tens digit of s?
1
Suppose -432 - 294 = -11*t. Let s = 2 + t. What is the tens digit of s?
6
Let g(h) = -h**3 - 4*h**2 + 3*h - 6. Let f be g(-5). Suppose -2*y + f*w = -0*w - 8, 0 = -y + w + 4. Suppose 0 = y*j - 0*j - 28. What is the units digit of j?
7
Suppose -4*s + 3116 = 4*n - 6*s, -2*n + 3*s + 1554 = 0. What is the tens digit of n?
8
Let p be ((1 - 4) + 1)/(66/(-99)). What is the units digit of (-3 - -2 - p) + 274?
0
Let o = -416 + 681. What is the tens digit of o?
6
Let p be ((-1)/1)/((-2)/10). Suppose n - 201 = 5*m, p*n - n - 2*m - 714 = 0. What is the hundreds digit of n?
1
Suppose -156 = -5*v + v. Suppose 5*d = 5*y - 41 - v, d = 3*y - 24. Let l = 13 - d. What is the units digit of l?
5
Let b(i) = 93*i**2 - 13*i - 11. What is the tens digit of b(3)?
8
Suppose 4*x + 61 - 3917 = 0. What is the units digit of x?
4
Let u be (15/10)/((-2)/156). Let a = -107 - u. What is the units digit of a?
0
Suppose 4*a - 3433 = 4*l - 9, 0 = -3*a + 4*l + 2563. What is the units digit of a?
1
Suppose 3 = o + 5*t + 9, 2*o - 3*t 